 - 6. Let v be 13/5 - (-2)/5. Let p(t) = 3*t - 7. Let n(z) = v*p(z) - 4*j(z). Determine n(a).
1
Let p be (-19 + (-2197)/(-117))/(8/(-18))*48. Let d(h) = 3*h - 49. Give d(p).
23
Let r(q) = -4*q + 2*q + 83 - 137 + 57. Let d = 1 + -4. Determine r(d).
9
Let t(z) = -2*z**2 + 8*z - 6. Let k = -13711 + 13714. Give t(k).
0
Let v be (1/1)/(3/9). Let g(m) = -20*m**2 - 3 - 2*m**3 + m**3 - 17*m**2 + 39*m**2 + 4*m + 0*m**2. Give g(v).
0
Let j be 56/(-35) - ((-72)/20 - -4). Let a be (0 - 9/(-6))*j/3. Let g(f) be the third derivative of -7*f**4/8 + f**3/6 + 2*f**2. Give g(a).
22
Suppose -4*b - 14 = -d, 0 = -4*d - 3*b - 35 + 15. Let w(a) = -12 - 2*a**3 + 8 + 1 + 3*a**3 + 2*a**2 - 3*a. What is w(d)?
3
Suppose 23*w - 42 + 24 = 28. Let g(t) = t**3 - 6*t + 8. Determine g(w).
4
Let q(w) = w + w - 1 - 18. Let a be q(11). Let d(c) = 6*c + 0*c**2 + 2 - 16*c + 16*c - c**2. Give d(a).
11
Let q(x) = -x + x**2 - 2*x - 1 - 2. Let d be 0 + (-804)/(-66) + 4/(-22). Suppose -10*v + 110 = d*v. Calculate q(v).
7
Let v be 0/(2 + (0 - 1)). Let o(k) = 14*k + 13. Let y(q) = 3*q + 12 - 14*q + 7*q + 7*q + 6*q. Let t(c) = 2*o(c) - 3*y(c). What is t(v)?
-10
Let x(v) = 339 + 32*v + v**2 - 337 - 38*v. Suppose -9 = -u - 4. Suppose -4*r - 24 = -2*k - 2*k, -k = u*r. Determine x(k).
-3
Let y(l) = -34*l + 76. Let n(s) = -26*s + 57. Let b(z) = -13*n(z) + 10*y(z). Give b(11).
-3
Let k(h) be the second derivative of h**5/20 + 5*h**4/2 - 88*h**3/3 - 19*h**2 - 357*h + 2. Calculate k(-35).
-3
Let v(d) = 1470 + d**3 + 0*d**3 - 1467 + d**3 + 16*d**2. Determine v(-8).
3
Let a(d) = 100206*d - 200444*d + 100240*d + 12. Suppose f = -6 - 3. Determine a(f).
-6
Let y(l) be the second derivative of -2*l**3/3 + 25*l**2 - 15*l - 13. Calculate y(7).
22
Let j(h) = -21*h - 13012 + 7*h**3 + 13018 - 6*h**3 - 19*h**2. Calculate j(20).
-14
Let p(j) be the first derivative of -j**3/3 + 3*j**2 + 16*j - 3031. Give p(6).
16
Let v = -1 + -5. Let i = -7 - v. Let d(r) = -11*r**3 + r**2 + 2*r + 5. Let x(n) = -11*n**3 + n**2 + 2*n + 4. Let u(z) = -3*d(z) + 4*x(z). Give u(i).
11
Let j(o) = 0*o**3 - o**3 - 3*o**2 + 4 + 6*o - 2*o**2. Suppose 2*u = 3*h + 15, -4*u = h + 21 + 12. What is j(u)?
4
Let o be (18/51)/((-30)/(-340)). Let u(g) = 12*g - 31. Calculate u(o).
17
Let k(g) = -59*g**3 + 13*g**2 + 4*g - 2. Let f(c) = 133*c**3 - 27*c**2 - 8*c + 4. Let s(d) = -4*f(d) - 9*k(d). Determine s(-9).
38
Let b(p) be the third derivative of 1/6*p**4 + 8*p**2 - 5/6*p**3 + 1/60*p**5 + 0*p + 0. Determine b(-5).
0
Let m(u) be the second derivative of 6*u + 17/2*u**2 - 1/20*u**5 + 2 - 7/4*u**4 - 19/6*u**3. Determine m(-20).
-3
Let u(a) = -2*a**3 - 9*a**2 + 8*a + 4. Suppose -485 = -11*z + 21*z + 87*z. Give u(z).
-11
Let q(d) be the second derivative of -d**4/12 + d**3/6 + 19*d + 4. Let k be (4/18)/(-1) + 16/(-9). Determine q(k).
-6
Let y(x) = -x**3 - x**2 - 8*x - 5. Let p(s) = -4*s**3 + 7*s**2 - 30*s - 27. Let f(d) = -p(d) + 3*y(d). Calculate f(10).
72
Let p(z) = -z**3 + 5*z**2 - 2*z + 2. Let t = -152 - -163. Suppose -17*n - t*n = -56. Give p(n).
10
Let l(z) be the third derivative of -z**5/15 + 53*z**4/24 - 7*z**3/2 + z**2 - 4*z + 20. What is l(13)?
-8
Suppose 0 = 5*y + 3*q - 10, 8 = 5*y - y + 5*q. Suppose 54 = 39*t + 15. Let l(p) = t + 2 - 2 - p**y + p + 0. What is l(3)?
-5
Let g(j) = j**2 + 19 + 25 - 52 + 2*j. Let c(k) = k**3 + 4*k**2 + k - 3. Let t be c(-3). Suppose -t*r + 5 = -o + 22, 4*r + 4*o + 28 = 0. Calculate g(r).
16
Suppose -3*a + 2*a = 8. Let u be (8 + a)/((-4)/(-2 + 0)). Let s(c) = u*c**3 + c + 18 - 2*c**3 - 17 + c**2. Give s(2).
-9
Let k(n) = n**3 + 18*n**2 + 68*n + 15. Let f be k(-5). Let r(c) be the third derivative of f*c**3 + 0 + 1/3*c**4 + 0*c - 23*c**2 - 1/60*c**5. Determine r(8).
0
Let h = 362 + -355. Let a(c) = -3*c + 4*c**3 + 2*c - h*c**3 + 3 - c**2 + 5*c. What is a(-2)?
15
Let y(q) = -4*q - 11*q**2 - 17*q**2 + 20*q**2 + 21 - 10*q**2 + 22*q**2 - q**3. Calculate y(4).
5
Let l(m) be the third derivative of -m**5/60 + 9*m**3/2 - 4*m**2 - 11*m. Let s be l(5). Let n(p) = 1 - 97*p**2 - 103*p**2 + 199*p**s. Calculate n(0).
1
Let j(y) = 40*y**3 - 1. Let m = 328 + -315. Suppose -m*h + 28 = 15*h. Give j(h).
39
Let j(u) be the second derivative of u**4/6 + u**3/6 - 2*u**2 - 67*u - 44. Suppose -4*n - 15 = n. Determine j(n).
11
Let h = -2056 - -2057. Let a(m) = 4*m**3 - m**2 + m - 1. Calculate a(h).
3
Let u(y) be the second derivative of y**4/3 + 5*y**3/6 + 3*y**2 - 265*y. What is u(-3)?
27
Let k = 531 - 415. Let i(m) = -52*m**2 - 118 + 52*m**2 - 2*m - m**3 + k. Give i(-2).
10
Let h(j) be the second derivative of -j**5/4 + 5*j**4/4 + j**3/2 + j**2 - 1083*j. Determine h(3).
11
Let j be (-4)/10 + -3*(-524)/30. Suppose 5*n + 4*d - 39 = 26, 3*d = -4*n + j. Let w(m) = -45*m**2 + 1 + n*m**2 - 7*m + 15*m**2 + 18*m**2. Determine w(5).
-9
Suppose 2 = 3*g - 7, 5*d + 4*g = 22. Suppose -8*x = d*x - 110. Suppose -2*j + x*j = -9. Let u(h) = 6*h - 1. Calculate u(j).
-7
Let g(t) be the second derivative of -t**4/6 - 4*t**3/3 + 21*t**2/2 + 6449*t. Give g(-7).
-21
Let o(i) = -2*i**2 - 53*i + 151. Let w be -7 - (-103 + 99)/((-2)/11). Give o(w).
6
Let h(n) = n**3 + 9*n**2 - 190*n + 25. Let a be h(-19). Let d(m) = -m**3 + 25*m**2 + 2*m - 48. Determine d(a).
2
Suppose 0 = 4*w + 2*u - 7 - 47, 0 = -5*w + 3*u + 51. Let m(j) = -j**3 + 11*j**2 + 13*j - 25. Calculate m(w).
-13
Let d(n) = 3*n**3 + 47*n**2 + 26*n - 60. Let g = -16015 + 16000. Give d(g).
0
Let v(k) = k**2 + 7*k + 13. Suppose -864*b = -873*b + 2754. Suppose -62*p - 66 = b. Calculate v(p).
7
Suppose 0 = -4*y + 4, -3*y + 16 = 3*s + y. Suppose 0 = 4*u + s*i - 40, u - 3*i + 20 = 3*u. Let t(m) = -11*m**2 + u*m**2 + 5*m**2. What is t(1)?
4
Suppose 22*p - 24*p = -96. Suppose 15*t - 9*t + p = 0. Let w(y) = 4*y - 1. Determine w(t).
-33
Suppose -10 + 26 = 4*v. Suppose -5*b + v + 21 = 0. Suppose 0*l + 4*l - b*p = 8, -4*p = 3*l + 25. Let c(i) = i**2 - 4*i - 4. Determine c(l).
17
Let y(j) = 24*j**2 - 4*j - 1. Let r(o) = -o. Let z(w) = -2*r(w) + y(w). Let n = -1089 - -1088. Calculate z(n).
25
Let i = -225 + 237. Suppose i = -4*u - 4*p + 4, 3*p + 11 = 2*u. Let l(n) = -14*n**3 - 2*n**2 + n. Calculate l(u).
-15
Suppose 5*k - 20 = 0, -2*s + 22 = 8*k - 3*k. Let q(v) = 35*v - 5. Let f(n) = 6*n - 1. Let i(d) = s*q(d) - 6*f(d). Give i(3).
-2
Let g(f) = -f**2 - 17*f + 21. Let m(p) = -5*p**2 - 67*p + 83. Let i(z) = 9*g(z) - 2*m(z). Let b be 4/(-21)*-63 + 1 + (6 - 1). Calculate i(b).
5
Let q(p) be the second derivative of -7*p**4/12 + 25*p**3/2 + 11*p**2 - 885*p. Give q(11).
0
Let d(j) be the second derivative of 0 + 1/6*j**3 + 155*j + 21/2*j**2. Calculate d(-14).
7
Let h(y) = -y**3 - 8*y**2 - 6*y + 6. Suppose -2*n + 30 = -4*k, -1124*n + 1126*n - 22 = 3*k. Give h(k).
54
Let v(o) = 10*o**2 - 7*o + 1. Let l(y) = -12*y**2 + 7*y. Let w(t) = -3*l(t) - 4*v(t). Give w(4).
-40
Let n(q) be the third derivative of -5*q**4/8 + 19*q**3/6 - 1606*q**2. Determine n(8).
-101
Let t(q) = -10*q - 1. Suppose 9 - 9 = -12*g. Suppose 3*z + 8 = -5*j - 3, g = 2*j + 5*z + 12. Calculate t(j).
9
Suppose 0 = -4*i + 4*u - 76, 53 = -3*i - 4*u + 3*u. Let b be (10/15)/(2*(-3)/i). Let q(n) = 7 - 2*n**2 - 5*n**2 + b*n**2 + 2*n - n**3 - n**2. Calculate q(-6).
-5
Suppose 2*a = -a + 6. Let s be a/(-3)*6 - -19. Let u(z) = -3*z + 4*z - 22 + s. What is u(6)?
-1
Let z(w) = -w**2 + w - 1. Let d be (-35)/(-6) - (-5)/30. Suppose 0*x = -4*x, -3*x = -b - 22. Let p be (-2)/3 - b/d. Calculate z(p).
-7
Let v(i) be the first derivative of 4*i**2 - 26*i + 1614. Determine v(12).
70
Let b(a) be the first derivative of a**2/2 + 10*a + 848. Calculate b(-4).
6
Let l(o) = o**2 - 16*o + 16. Let k(q) = -4*q**2 - 4*q + 5. Let g(u) = -u**2 - u + 1. Let r(n) = -9*g(n) + 2*k(n). Let v(t) = -l(t) + 2*r(t). Calculate v(-19).
5
Let j(x) = -43*x**2 + 12 + 86*x**2 - x**3 - 11 - x - 46*x**2. Let c be -2 + (8 - 4) - 9. Let l = -9 - c. Calculate j(l).
-1
Suppose -14*v + 10275 = 10289. Let b(m) = 15*m + 3. Give b(v).
-12
Let q(x) = -5*x**3 + 5*x**2 - 5*x - 3. Let u(w) = 14*w**3 - 15*w**2 + 14*w + 9. Let d(m) = 11*q(m) + 4*u(m). Let b be (-6 - (-5 + 11))*(-3)/27*3. What is d(b)?
-9
Let i(z) = -z**3 + 5*z**2 + 6*z - 5. Let f = -189 + 191. Suppose 0 = 4*k + 5*a - 44, 4*a = -f*k + 5*k - 2. Determine i(k).
-5
Let n(p) = 2*p**2. Let b be n(-7). Suppose -111 = -5*c + 404. Let s = c - b. Let j(h) = 